base 14, what is -26 + 10830?
10808
In base 15, what is 723 - -35da?
3d0d
In base 14, what is -31503 - 3c?
-31541
In base 15, what is -1089a0ed + 3?
-1089a0ea
In base 14, what is -7 - -131750?
131747
In base 9, what is 36235577 + 4?
36235582
In base 15, what is -103d66 + -1?
-103d67
In base 14, what is 15 + 195cad?
195cc4
In base 10, what is 4 - -119450?
119454
In base 14, what is -1145 - 5b23?
-6c68
In base 6, what is 145 - -2314052?
2314241
In base 5, what is -1344113012 - -431?
-1344112031
In base 11, what is -3778 - -8695?
4a18
In base 13, what is -a30 + -127109?
-127b39
In base 7, what is 416 + -200552?
-200133
In base 12, what is -12 + -3071564?
-3071576
In base 15, what is 33 - c14d7?
-c14a4
In base 14, what is b9c6d31 - -3?
b9c6d34
In base 14, what is 0 - 1bc848?
-1bc848
In base 5, what is -1114322 - -332144?
-232123
In base 15, what is 6d548 - -283?
6d7cb
In base 2, what is -100111111001111101001 - -1001?
-100111111001111100000
In base 11, what is -18273 + 8740?
-a633
In base 6, what is -2112021510 - -1?
-2112021505
In base 14, what is -5 + 2cd5482?
2cd547b
In base 16, what is 1399ed8e + 3?
1399ed91
In base 6, what is 5325450 - -221?
5330111
In base 7, what is -114 + 5343640?
5343523
In base 4, what is -11031020 - 1100100?
-12131120
In base 2, what is 101100101111011001011 + -100101?
101100101111010100110
In base 7, what is -456510003 - -1?
-456510002
In base 3, what is -10 + -210201102121220?
-210201102122000
In base 7, what is 62040 - 5243?
53464
In base 16, what is -ba4 - 5599?
-613d
In base 10, what is -5677210 - 8?
-5677218
In base 6, what is 14235224 - -434?
14240102
In base 12, what is -13a4 - b906?
-110aa
In base 3, what is -200121 + -21220202?
-22121100
In base 10, what is 3 + -55003954?
-55003951
In base 7, what is -520404 + -3232?
-523636
In base 7, what is -24051624326 - -2?
-24051624324
In base 9, what is 4118483 + -124?
4118358
In base 4, what is 11 - 2231203323320?
-2231203323303
In base 3, what is -2020221210102 - -2?
-2020221210100
In base 14, what is -3cd19a - -284?
-3ccd16
In base 14, what is 20 + -2835?
-2815
In base 13, what is -53 - -4b64?
4b11
In base 10, what is 0 - 2633668?
-2633668
In base 4, what is 200013 + 1030032?
1230111
In base 13, what is 7 + 130c30?
130c37
In base 7, what is -6633 - -2452612?
2442646
In base 8, what is -1624771 - 33?
-1625024
In base 16, what is 16d0 - -6183?
7853
In base 3, what is -1022102120002211 + -112?
-1022102120010100
In base 7, what is -233010 + 12600?
-220110
In base 9, what is -178245 - 55?
-178311
In base 2, what is -10010010100100111010011010 + 101?
-10010010100100111010010101
In base 10, what is -388 - 55953?
-56341
In base 8, what is 156616527 - -7?
156616536
In base 13, what is 4306c33 - 1?
4306c32
In base 4, what is -2102202 - 231032?
-2333300
In base 4, what is -10 + -2321023203?
-2321023213
In base 2, what is -101010 + -11101010101100?
-11101011010110
In base 7, what is -631 + 516353?
515422
In base 4, what is -3312313333 - 21?
-3312320020
In base 13, what is 1b0 - -48457?
48637
In base 4, what is -1123 - -333121031?
333113302
In base 15, what is -7241ab0 + -2?
-7241ab2
In base 11, what is -226839a9 + 22?
-22683987
In base 7, what is -13545344 - -2?
-13545342
In base 14, what is 9a - 25a10?
-25954
In base 7, what is -1442 - 432605?
-434350
In base 14, what is 329b1 + -30bc?
2d8d3
In base 7, what is 6 + 161520032?
161520041
In base 10, what is -342 + 126795?
126453
In base 13, what is 702617b - -3?
7026181
In base 9, what is -207648282 - 0?
-207648282
In base 13, what is 7a5b05 - 13a?
7a5998
In base 4, what is -13 - 3031222013?
-3031222032
In base 14, what is 25 - -72b40b?
72b432
In base 12, what is 1 - -a0ab94a?
a0ab94b
In base 5, what is -10444143 + 111?
-10444032
In base 3, what is -11111120022200210 + 0?
-11111120022200210
In base 15, what is 2580ba + 3?
2580bd
In base 5, what is -1434 + 113320342?
113313403
In base 11, what is 1367 - 3a22?
-2666
In base 8, what is -103716556 - -5?
-103716551
In base 16, what is -12f570 - -10?
-12f560
In base 8, what is 74151741 + -24?
74151715
In base 12, what is 1870 - 5b1a?
-426a
In base 15, what is 20a - 88d5?
-86ca
In base 16, what is -f798cb - 34?
-f798ff
In base 10, what is -69598 + -3?
-69601
In base 5, what is 11 - 3400102220?
-3400102204
In base 4, what is 1312 - -2332320003?
2332321321
In base 13, what is -51 - 272?
-2c3
In base 13, what is 244676b - 1?
244676a
In base 16, what is 1d78a1 - -b?
1d78ac
In base 11, what is -150067a + -3?
-1500682
In base 2, what is 11 - 111010110100110000001010100?
-111010110100110000001010001
In base 5, what is -1243413200 + 2?
-1243413143
In base 12, what is -4196a1 - 3bb?
-419aa0
In base 7, what is 10 + 24264513?
24264523
In base 8, what is 3000512616 + -1?
3000512615
In base 14, what is -25c - -2d32c?
2d0b0
In base 10, what is 179717 - 250?
179467
In base 9, what is 21580670 - -13?
21580683
In base 6, what is 210 + 42555310?
42555520
In base 10, what is 5077976 - -5?
5077981
In base 11, what is -3 - -4138?
4135
In base 16, what is 24 + -758e4?
-758c0
In base 15, what is a034d6 - 5?
a034d1
In base 4, what is 33212033123 + -1?
33212033122
In base 3, what is -120012022 - 2011?
-120021110
In base 3, what is -122 + -11220001220?
-11220002112
In base 15, what is 4 - -2231697?
223169b
In base 9, what is -5 - -7084460?
7084454
In base 5, what is -223434 - -10214202?
4440213
In base 6, what is 50515404502 + -3?
50515404455
In base 10, what is -1 - 341782860?
-341782861
In base 11, what is 8417 - -159?
8575
In base 15, what is b1a8 - -a71?
bc29
In base 4, what is -312 + -1030031?
-1031003
In base 14, what is 8 + -27c631?
-27c627
In base 7, what is -103 - -121650240?
121650134
In base 3, what is 10220212020 - 200202?
10220011111
In base 16, what is 1d85 - d99?
fec
In base 2, what is 1101 + 100010000111000111001011?
100010000111000111011000
In base 14, what is 1088a0 + -114?
10878a
In base 6, what is -102153 + 2530?
-55223
In base 9, what is 63422 + -266?
63145
In base 12, what is 853625 - 61?
853584
In base 8, what is -1146030022 + 2?
-1146030020
In base 5, what is -3004414 + 12334?
-2442030
In base 2, what is 10001 + -1111000101101?
-1111000011100
In base 14, what is -3c45 + 4c9?
-375a
In base 15, what is -24 + b2a37?
b2a13
In base 10, what is 137 - 1816290?
-1816153
In base 3, what is 10 + 2111210201100?
2111210201110
In base 8, what is -20604 - -176?
-20406
In base 5, what is -144201143 + -141?
-144201334
In base 3, what is -2 - -100002010202000?
100002010201221
In base 15, what is 10cdba - 1?
10cdb9
In base 14, what is -3 - 1343547?
-134354a
In base 6, what is 20242101 - -40?
20242141
In base 16, what is -566977 - 8?
-56697f
In base 16, what is 1843a3 + -1?
1843a2
In base 10, what is 44601083 + 8?
44601091
In base 3, what is 1020 - -1110211111100?
1110211112120
In base 13, what is 2bb042 + 3c?
2bb081
In base 7, what is -3423 + -200205?
-203631
In base 13, what is -2217 + 3b4?
-1b33
In base 2, what is 100000100110001001101 + 101100101?
100000100110110110010
In base 8, what is -31676037 - 7?
-31676046
In base 10, what is 4508070 - 260?
4507810
In base 7, what is 4 - 16413166?
-16413162
In base 7, what is -121206 - 243135?
-364344
In base 8, what is -3507044 - 25?
-3507071
In base 4, what is 103 + 320223020022?
320223020131
In base 16, what is -2b9ed + 14?
-2b9d9
In base 15, what is 4 - 2898bcd?
-2898bc9
In base 12, what is -bbab3 - 1410?
-101303
In base 4, what is -131 + -13223113332?
-13223120123
In base 8, what is 234667 + 13?
234702
In base 9, what is -1 + 31353117?
31353116
In base 10, what is 300 + -1808?
-1508
In base 15, what is 2ee9 + -1926?
15c3
In base 14, what is -d79 - 423a?
-51b5
In base 8, what is -1 + 37724177?
37724176
In base 9, what is -287 + -1053784?
-1054182
In base 10, what is 1218 + 9227?
10445
In base 11, what is -26 - -11171a?
1116a4
In base 16, what is -124b6 + -1c58?
-1410e
In base 15, what is -6b780 + bb4?
-6aabb
In base 10, what is -1709112 + -64?
-1709176
In base 11, what is 85 - -7a5a?
8034
In base 7, what is -1430312 - -22?
-1430260
In base 8, what is 34412 - 7157?
25233
In base 5, what is 11231 + -242123?
-230342
In base 8, what is 14153 - 524131?
-507756
In base 12, what is 3213 + 2a4?
34b7
In base 6, what is -10 + 323544?
323534
In base 9, what is 388114